 remainder when 56 is divided by w?
8
What is the remainder when 1*((-7)/35 + (-366)/(-5)) is divided by 19?
16
Let k(m) be the third derivative of m**5/60 + m**4/3 - 11*m**3/6 + 31*m**2. What is the remainder when 11 is divided by k(-10)?
2
Let p(a) = 120*a - 60*a - 65*a + 5*a**2 - 1. What is the remainder when p(-5) is divided by 50?
49
What is the remainder when 237 is divided by (-7 - 182/(-21)) + 890/15?
54
Let l(b) = -7*b - 176. Let j(a) = -a**2 - 1. Let s(d) = 6*d**2 - 8*d + 12. Let m(o) = -5*j(o) - s(o). Calculate the remainder when l(-29) is divided by m(5).
3
Let i(x) = x**2 + x + 7. Suppose 5*t = -3 - 2. Let a(l) = l**2 + 1. Let o(n) = t*i(n) + 4*a(n). Calculate the remainder when 11 is divided by o(2).
4
Let d be (-6 + 3 - 0) + -517. Let g = -275 - d. Suppose 0*z + g = 5*z. What is the remainder when z is divided by 13?
10
Let y(w) = 45*w - 422. Suppose 7*g - 3*g - 160 = 0. Calculate the remainder when y(12) is divided by g.
38
Calculate the remainder when 4016 is divided by 2*(-657)/(-102) + (-8)/(-68).
12
Suppose 2*k = -2*k + 40. Let w = 17 - 26. What is the remainder when w/6 + (-185)/(-10) is divided by k?
7
Let y(x) = 6*x**2 - 4*x + 3. Let i be y(1). Suppose 0 = -6*s + i*s + 13. What is the remainder when s is divided by 4?
1
Let p = 3 + 7. Suppose 392 - 464 = -4*j. What is the remainder when j is divided by p?
8
Suppose -101 + 3818 = 59*q. What is the remainder when 305 is divided by q?
53
Let q = 201 + 11. What is the remainder when q is divided by 43?
40
Calculate the remainder when ((-15)/((-450)/(-888)))/(6/(-75)) is divided by 62.
60
Suppose -5*o + 12 = -o. Suppose 5 + 15 = 4*h. Calculate the remainder when o is divided by h + -3 + 0 + 0.
1
Let d(h) = h**3 + 18*h**2 - 20*h - 7. Let l be d(-19). Suppose -11*m + l*m - 171 = 0. Calculate the remainder when m is divided by 29.
26
Let u be 34/8 + (-1)/4. Suppose u*i + 12 - 60 = -4*m, m = 3*i - 40. Suppose -i = 2*c - 3*c. Calculate the remainder when 38 is divided by c.
12
Let p be 1 + 12*6/(-9). Let c = p - -14. What is the remainder when 11 is divided by c?
4
Let d(o) = 8*o**2 - o. Let x(w) = -w**2 - 3*w + 1. Let i be x(-3). Calculate the remainder when d(i) is divided by (3/9)/(2/12).
1
Let j(r) = -r**3 - 10*r**2 - 27*r + 15. Calculate the remainder when j(-5) is divided by 7.
4
Calculate the remainder when 205 is divided by 8/(((-20)/8 - -2)*-1).
13
Let u be ((-22)/2)/((-1)/2). Let s = -29 - -16. Let j = u + s. What is the remainder when 16 is divided by j?
7
Let g(v) = v - 39. Calculate the remainder when 2355 is divided by g(58).
18
Calculate the remainder when 77 is divided by 124/16 - (-45)/(-60).
0
Suppose -5*g = -8*v + 7*v + 204, g = 3. What is the remainder when v is divided by 28?
23
Suppose y = -2*n + 78, 3*n - 79 = -5*y + 38. What is the remainder when n is divided by 25?
14
Suppose 2*k - k = 0. Suppose -7*h + 5*h + 156 = k. Suppose b = -2*j + 40, 4*j - 4*b - h = -5*b. Calculate the remainder when 75 is divided by j.
18
Let y = 106 + -101. Suppose -120 = -5*z + y*p, -5*p + 3*p = -4*z + 94. What is the remainder when z is divided by 3?
2
Let y = -50 + 61. What is the remainder when 39 is divided by y?
6
Suppose 4*x = -3*s + 194, 3*s + 854 - 998 = -3*x. Suppose -u + b = -4*b + 2, -u - 2*b = -26. Calculate the remainder when x is divided by u.
14
Let h be ((-4)/1 - 8)*62/(-4). Suppose -4*g = -g - h. Calculate the remainder when g is divided by 22.
18
Let s(m) = m - 1. Let j be s(5). Suppose 9*l - j*o + 64 = 11*l, 4*o - 24 = -l. What is the remainder when 238 is divided by l?
38
Let v(o) = -3*o - 11. Let h be v(-10). Suppose a + 0*a = -3*c + h, -3*c = -3*a - 39. Calculate the remainder when c is divided by 5.
3
Let k = 2859 - 2733. What is the remainder when 751 is divided by k?
121
Suppose -11*g - 4*n = -12*g + 327, -5*g = -4*n - 1683. What is the remainder when g is divided by 68?
67
Let r be 0/(-3) + (4 - -23). Let z = -15 + r. Suppose 22 = 2*u - 4*g, 4*u + g - 20 = -3*g. Calculate the remainder when z is divided by u.
5
Let r = -27 + 85. Calculate the remainder when 223 is divided by r.
49
Let w = 2712 - 2274. Calculate the remainder when w is divided by 120.
78
Suppose 3*a = -3*g + 240, -4*g + 4*a - 170 = -6*g. What is the remainder when g is divided by 6?
3
Let h be (21 - 6)/(6/(-4)). Let w be (492/15)/((-2)/h). Suppose -4*l = -3*j - 132, -2*l - 2*l + w = 5*j. What is the remainder when l is divided by 13?
10
Let a(n) = -n + 10. Let b be a(8). What is the remainder when (204/b)/(8 - 6) is divided by 27?
24
Let a(t) = -16*t - 71. Calculate the remainder when 81 is divided by a(-6).
6
Suppose z - 1185 = 2*x - 5*x, -2*x - 3*z = -797. Suppose f = 2*o - 4*f - 136, 5*o = -f + x. Calculate the remainder when o is divided by 82/4 + (-7)/14.
18
Let b be 10/(-5) - (-6)/3. Let x = 2 - b. What is the remainder when 84 - (15/(-3) + x) is divided by 30?
27
Let b(s) = 9 + 0 + s - 2 - 1. Calculate the remainder when 14 is divided by b(-2).
2
Let g(j) = 0 + 3 - 7 + 5 - 3*j. Let u be g(-2). Let w = u + -4. What is the remainder when 6 is divided by w?
0
Let r(n) = -n**2 - 8*n + 179. What is the remainder when r(0) is divided by 6?
5
Let i = -26 + 35. What is the remainder when 21 is divided by i?
3
What is the remainder when 4290/(1 - -10) - 2 is divided by 10?
8
Let i(f) = -6*f + 1. Let y be i(1). Let b(d) = d**2 - 6. Let q = 18 + -7. What is the remainder when b(y) is divided by q?
8
Let v(h) = 1 + 18*h**2 - 2*h + 4*h + 0 + h**2. Let p(n) = 7*n**2 - 4*n - 3. What is the remainder when p(-2) is divided by v(-1)?
15
Suppose 2*x = -3*x - 20. Calculate the remainder when 20 + (-2)/x*-6 is divided by 10.
7
Let i(j) = -j**2 + 19*j - 40. What is the remainder when 459 is divided by i(15)?
19
Let c = 63 - -29. What is the remainder when 826 is divided by c?
90
Suppose 146 = k - 2*f, 4*k - k - 418 = -4*f. What is the remainder when 408 is divided by k?
124
Suppose 0 = -10*d + 12*d - 10. Suppose -2*u - 2*n + 30 = 0, d*u - 9 = -n + 70. Calculate the remainder when u is divided by 9.
7
Let f = -523 + 565. Calculate the remainder when 130 is divided by f.
4
Let o(v) = -6*v - 73. Let r be o(-12). Calculate the remainder when 82 is divided by (-910)/(-42) - r/3.
16
Let c = 136 + -133. Let f be (-1 + -38)*(-2)/3. Suppose 3*i - 4*u = i + f, i + 4*u - 1 = 0. Calculate the remainder when i is divided by c.
0
Suppose 2*n - 7 - 47 = 0. Calculate the remainder when 348 is divided by n.
24
Let o be -1 - (1 + -21 - 3). Let l(i) = -2 + 3 + 8 + 3 - o*i. What is the remainder when l(-4) is divided by 34?
32
Let u = -13 - -15. Suppose -2*j + 20 = -2*i + u*j, 0 = -2*i - 5*j + 16. Let d(p) = -6*p. What is the remainder when 57 is divided by d(i)?
9
Let c = -29 + 38. Calculate the remainder when 122 is divided by c.
5
Let k(m) = -12*m - 77. Let s(q) = 7*q + 39. Let n(l) = -4*k(l) - 7*s(l). Calculate the remainder when 136 is divided by n(15).
16
Let n(x) = -2*x**2 - 5*x - 2. Let b be n(-2). Suppose 4*s - 5*i = -64, -4*i + 2*i + 8 = b. Let w = s + 34. What is the remainder when w is divided by 6?
5
Suppose v = -m - 8, 0 = -0*v + 3*v - m + 40. What is the remainder when 0 - (2 + -35 - -1) is divided by 4*(-2)/(8/v)?
8
Let k(y) = y**3 + 4*y**2 - 14*y - 7. Let h be k(-6). Suppose 22 + 43 = h*c. What is the remainder when c is divided by 5?
3
Suppose -9*x + 182 = -2*x. Calculate the remainder when 168 is divided by x.
12
Let x = 1097 + -1042. Suppose 0 = -4*h - 3*u + 109, 3*u - 32 - 105 = -5*h. What is the remainder when x is divided by h?
27
Let z = 0 + 4. Suppose 4*b - n = 19 + 17, 3*b + z*n - 8 = 0. Let h = 13 - b. What is the remainder when h is divided by 4?
1
Let n(y) = y**3 - 19*y**2 + 15*y + 67. Calculate the remainder when 115 is divided by n(18).
11
Suppose -160 = -l - 3*l. Calculate the remainder when l is divided by 37.
3
Let b = -39 + -28. Let m be ((-19)/2)/((-2)/(-20)). Let o = b - m. What is the remainder when o is divided by 10?
8
Let z(c) = 3*c - 21. Let o be z(7). Suppose o*m - 32 = 8*m. Calculate the remainder when 16/(-2)*61/m is divided by 25.
22
Suppose -5*v = -20 + 5. Suppose 0 = s + c - v, c = 4*s + 4*c - 15. Suppose -m - 50 = -4*p - 3*m, 4*p - m = 65. Calculate the remainder when p is divided by s.
3
Let q = 11 - 8. Suppose -q*c + 237 = f, 2*c - 70 = -f + 87. Suppose 4*p - 4*r - c 